Let c(h) = h**3 + 4*h**2 - 2*h - 2. List the prime factors of c(u).
13
Suppose g - 1 - 3 = 0. Suppose 2*d - 3*b = -b + 2, 0 = 4*b + g. Suppose 2*c = d, -11 = -4*x + 2*c + 9. What are the prime factors of x?
5
Suppose -2*p = 2*l + 2*l - 252, 0 = 4*p + 3*l - 499. What are the prime factors of p?
2, 31
What are the prime factors of 1*(33 + 3 - -1)?
37
Suppose 3*s = 5*c + 2, c - 4*c = s - 10. Let q = c + 8. What are the prime factors of q?
2, 5
Suppose 0 = -4*v + 2*v - 4. Let j be ((-6)/15)/(v/20). Suppose 0 = t - j. List the prime factors of t.
2
Suppose -3*j = -8*j. Suppose 2*a + 2*s - 10 = 0, -3*s + j*s = -2*a. List the prime factors of a.
3
Let a(p) = -7*p**2 + 2*p + 1. Let d be a(-2). Let u(s) = 4*s + 3. Let n be u(-6). Let c = n - d. What are the prime factors of c?
2, 5
Suppose 0 = 3*l - 4*l + 44. List the prime factors of l.
2, 11
Let o(p) = 6*p - 3. What are the prime factors of o(17)?
3, 11
Let g(i) = i**2 - 2*i + 3. Let m be g(2). Let t(u) = -2*u**2 - u**3 - 4*u + 0*u**2 - 3*u**2 - 9 + m. What are the prime factors of t(-5)?
2, 7
Let y = 19 - 33. Let g = y - -21. What are the prime factors of g?
7
Let y(o) be the first derivative of 2*o**3/3 + 3*o**2 + 5*o + 1. Let l be y(-4). Let g = -1 + l. What are the prime factors of g?
2, 3
Suppose 4 = -2*h, -2*n - 10 = -0*n + h. Let u(l) = -l**3 - 2*l**2 - 3*l. What are the prime factors of u(n)?
2, 11
Suppose 2*r = a + 17, -2*r + 4*a = r - 23. Let x be (r*-1)/((-6)/4). List the prime factors of ((-28)/x)/((-4)/6).
7
Let k be (-26)/(-18)*3*3. Suppose k = 3*m - 20. What are the prime factors of m?
11
Suppose 3*b + 176 = 7*b - 2*s, b - 50 = 2*s. Suppose 2*f + 0*f - 5*p = 27, 0 = 4*f + 2*p - b. List the prime factors of f.
11
Let n(q) = -2*q**3 + 1. Let s be n(-1). Let k(h) = -3*h**2 - 2*h - 1. Let d be k(-2). Let o = s - d. What are the prime factors of o?
2, 3
Let d be (-4 - -4 - 4) + -26. Let r = 75 + d. What are the prime factors of r?
3, 5
Let i(j) = j**3 - 4*j**2. Let o(d) = -d + 7. Let w be o(3). Let p be i(w). Suppose s - 2*s + 15 = p. List the prime factors of s.
3, 5
Let d(v) = v - 3. Let x be d(0). List the prime factors of (-68)/(-6) + (-2)/x.
2, 3
What are the prime factors of (-12)/9 - -2 - (-1328)/24?
2, 7
Suppose 67*u - 203 = 66*u. What are the prime factors of u?
7, 29
Let i be (4/(-5))/((-2)/120). Suppose -4*v + i = -4. List the prime factors of v.
13
Suppose u - 5*u + 32 = 4*w, -2*w - u = -17. Let r be 6/w*(-18)/(-4). Suppose -4*q + 25 = 5*k - r, 0 = -q + 2*k - 6. List the prime factors of q.
2
Let y(g) = 4*g - 2. List the prime factors of y(5).
2, 3
Let f be -1*(1 - 0) + 7. Suppose f*j = j. Suppose j = i - 4, -3*i - 43 = t - 6*t. What are the prime factors of t?
11
Suppose -k = w + 1 - 6, 0 = -2*w + 5*k - 18. List the prime factors of (4/w)/(2/4).
2
Suppose 0 = 4*r - k - 29, 5*r - k - 28 = 3*k. What are the prime factors of r?
2
Suppose 4*r = -4*g + 56, -38 = -6*r + 2*r + 2*g. What are the prime factors of r?
11
Let h = -7 - -2. Let p = -3 - h. Let c = 5 - p. What are the prime factors of c?
3
Let l = 25 - 27. What are the prime factors of (-652)/(-28) + l/7?
23
Suppose x - 54 = -x. What are the prime factors of x?
3
Suppose 104 = 3*j + 23. List the prime factors of j.
3
Let u be 4*(-1)/(-4) + -3. Let k(t) be the third derivative of -t**4/8 - t**3/2 - t**2. List the prime factors of k(u).
3
Suppose -4*x - 539 + 1575 = 0. List the prime factors of 2/(-5) + x/35.
7
Let c = 41 - 21. Suppose -3*b + 20 = b. Suppose 0*t = b*t - c. List the prime factors of t.
2
Let q be 2/(-16) - 343/(-56). Let t(a) = -a**3 + 7*a**2 - 3*a. List the prime factors of t(q).
2, 3
Let c(o) = 9*o**2 - 3*o + 5. Suppose 1 = 4*d - 7. What are the prime factors of c(d)?
5, 7
Let h(t) = 19*t - 7. Let w be h(11). List the prime factors of w/22 + (-8)/44.
3
List the prime factors of 6/(-9)*1113/(-2).
7, 53
Let u = 7 - 2. Let n = 9 - u. Suppose -n*p = -m - 0*m - 59, -2*p + 3*m = -17. What are the prime factors of p?
2
Suppose -3 = -p - 1. Let c be 1 + p - (-1)/1. Suppose 21 = c*r + 9. List the prime factors of r.
3
Suppose -2*q + 2 = -4*y + 6, -3*q = -2*y + 6. Let b be 10/(1/((-1)/q)). Suppose 4*x - 35 = -b*i, -3*x + 45 = 5*i - x. What are the prime factors of i?
11
Suppose 0 = 2*p - 5*b, -5*p = -4*b - 0 - 34. What are the prime factors of (-2)/(-5) - (-276)/p?
2, 7
Let s(c) = c**2 + 16*c + 22. List the prime factors of s(-17).
3, 13
Let l = 0 - -2. Suppose -5*c + 10 = l*h - 3*h, -4*h - 18 = 2*c. Let i(s) = 10*s**3 + s**2 - s + 1. What are the prime factors of i(c)?
11
List the prime factors of (688/10)/((-2)/(-5)).
2, 43
Suppose -6*t = -3*t - 48. Suppose 5*o = 2*y + 14 + 11, 0 = 2*y + 4*o + t. Let r = 5 - y. What are the prime factors of r?
3, 5
Let o be 2*(-9)/24*-20. Let y = -8 + 17. Let f = o - y. List the prime factors of f.
2, 3
Let c be -3 + 29/1 + -1. Let f = -8 + c. What are the prime factors of f?
17
List the prime factors of 20/(-30)*(-402)/4.
67
Let s be 10/3 - 1/3. Suppose -4*d = 3*k - 60, 0 = s*d - 3*k + 4*k - 50. What are the prime factors of d?
2, 3
Let o(g) = 22*g - 3*g + 2 + 2. What are the prime factors of o(2)?
2, 3, 7
Let f(y) be the second derivative of -y**5/20 + 5*y**4/12 + y**3/3 - y**2/2 + 2*y. What are the prime factors of f(5)?
3
Let f be -1*2*(-3)/3. Suppose 0 = -7*u + f*u + 10. Let z(g) = 2*g**2 + g - 2. What are the prime factors of z(u)?
2
Suppose 5*m = 3*r + 66, -4*m + r + 35 + 22 = 0. Suppose 0 = -2*n + m + 7. What are the prime factors of n?
11
Suppose -20 = -4*k, 71 = -4*y + 3*k + 788. List the prime factors of y.
3, 61
Let x(t) = -t**3 - 8*t**2 - 2*t - 11. Let b be x(-8). Suppose b*u = 6*u - 38. List the prime factors of u/3 - (-4)/12.
13
Let j = 9 - 9. Suppose 0*k + 2*k - 80 = j. What are the prime factors of k?
2, 5
List the prime factors of (-8*(-3 - -4))/(-2).
2
Suppose s - 23 = 5*v, 20 = -3*v - v. Let l be (6/3)/(s/(-18)). List the prime factors of (-194)/(-18) + 4/l.
11
Let z = 11 + -6. List the prime factors of z.
5
Let r(x) = 2*x**3 - 3*x**2 - x. Let m be r(-2). Let l = 7 + m. Let k = l + 30. List the prime factors of k.
11
Let t be (-6)/(-4)*3*-2. Suppose -4*p = 16, -2*o + 4*p - 8 = 5*p. Let i = o - t. List the prime factors of i.
7
Let a be (-18)/12 + (-30)/(-4). Let w be 0*((-10)/(-4) + -2). Let l = a - w. What are the prime factors of l?
2, 3
Suppose 0 = -2*c - 2*c. Let s = c + -3. Let i = 8 - s. List the prime factors of i.
11
Suppose -2*t + 13 = -15. List the prime factors of t.
2, 7
Let v be (-3)/(-2 + 1/2). Suppose 0 = -x + 2*k + 7, 0 = -x - 3*k - 0*k - 3. Suppose 0 = 2*n + v*m - 0 - 14, -x*n + 31 = 5*m. List the prime factors of n.
2
Let b(z) be the first derivative of z**2 + 3*z + 3. What are the prime factors of b(6)?
3, 5
Let y be (6 + 0 + -3)/(-1). What are the prime factors of 1 + -1 - (-6 - y)?
3
Let c = 18 + -32. Let o be (c - 0)/(-2 + 0). What are the prime factors of o + -6 - (-1 + 0)?
2
Suppose -4 = -3*c - 5*v, 2*c = -2*c - 4*v. Let n = c - -9. What are the prime factors of n?
7
Let g(z) = -z**2 - 12*z - 4. What are the prime factors of g(-5)?
31
Let z(w) = 4*w - 63. Let t(q) = -q + 16. Let j(n) = -9*t(n) - 2*z(n). Let b be j(0). What are the prime factors of 2/3 - 186/b?
11
Let z = 2 + -1. List the prime factors of 4*z*6/4.
2, 3
Let l be -41*2/(1*-2). Let d(w) = -w**2 + 2*w + 6. Let i be d(7). Let x = i + l. List the prime factors of x.
2, 3
Suppose 10*w = 11*w - 6. List the prime factors of w.
2, 3
Let r(m) = -m**2 + 8*m - 1. What are the prime factors of r(6)?
11
Suppose -g = 0, -4*d = g - 3*g - 8. Suppose 5*o - 20 = -5*p, -p + d = -5*o + 10. Suppose -p*v = -12 + 2. List the prime factors of v.
5
Suppose -2*w + 7 = -3*w. Let m = w + -5. Let c = 23 + m. List the prime factors of c.
11
Suppose -8*l + 638 + 114 = 0. List the prime factors of l.
2, 47
Let t(y) = y - 5. Let s be t(0). What are the prime factors of s*(-5)/(25/18)?
2, 3
Suppose 8 = 3*t + 2. Let d = t - -3. Let j(r) = r + 1. What are the prime factors of j(d)?
2, 3
What are the prime factors of (-1 + 1 + -1)/((-22)/3938)?
179
Let w be (-10)/35 - (-65)/7. What are the prime factors of 235/45 - 2/w?
5
Let w(n) = n**3 - 5*n**2 - n - 7. List the prime factors of w(7).
2, 3, 7
Let y(i) = i**2 + 3*i - 14. Let p be y(6). Suppose 2*g - 7 = 3, -2*g = -x - 39. Let n = p + x. List the prime factor